8). Suppose -14*z + 18*z - 2632 = -2*l, 2*z + 3980 = h*l. What is the thousands digit of l?
1
What is the units digit of (-419316)/(-48) + (-3)/4?
5
Suppose 5*y = -3*m + 2*m - 30, 25 = -y - 4*m. Let j(i) = -81*i + 59. What is the hundreds digit of j(y)?
4
Suppose 0 = -3*w + 4*l + 7*l + 51015, 3*l - 84897 = -5*w. What is the tens digit of w?
8
Suppose -18 = -q - 41. Let o(d) = d**3 + 23*d**2 - 13*d - 99. What is the units digit of o(q)?
0
Let f(v) = 259*v + 10. Suppose 3*k = -3*s + 48, 5*s + 2*k + 16 = 93. Suppose 4*u = s - 11. What is the hundreds digit of f(u)?
2
Let y = 430 + -237. Let z = -61 - -162. Let g = y - z. What is the tens digit of g?
9
Let g = 3412 + -1572. What is the hundreds digit of g?
8
Let v = -11367 - -20409. What is the units digit of v?
2
Suppose -80 - 25 = -7*q. Suppose -43*j + 48*j = q. Suppose -530 = -j*d + 5*w, 3*d - 124 = -5*w + 426. What is the hundreds digit of d?
1
Let z be (-18)/5*(4 + -9). Suppose 3*h - 39 = -z. What is the units digit of h?
7
Let s be (7994/(-21))/((-4)/6). Let m = -345 + s. Let b = m - 88. What is the units digit of b?
8
Suppose 23*y + 187060 = 8*y + 521620. What is the units digit of y?
4
Let q be ((-24)/3 - -9) + 2489. Let k = q - 1135. What is the thousands digit of k?
1
Suppose i = -5*c + 15, -i = -5 + 10. Let v(k) = -7 - 16 - 38*k + 50*k. What is the tens digit of v(c)?
2
Let i be (-175)/70 - (-33682)/4. Suppose 14*n - i = 8004. What is the tens digit of n?
7
Suppose -3*c + 2121 = -0*c. Let m = -398 + c. What is the hundreds digit of m?
3
Let k(j) = j**3 - j**2 + 6*j - 13. Let p = 20 + 16. Let d be ((-8)/6)/((-48)/p)*6. What is the tens digit of k(d)?
0
What is the tens digit of (-11)/((-3361)/(-28713) - ((-1680)/(-119) - 14))?
7
Let u = 34 - 30. Suppose 4*i = -3*p + 12, -5*p + 10*p = -u*i + 20. Suppose -k + p*x = -167, 0*x + x = -5*k + 877. What is the units digit of k?
5
Suppose 0 = 3*z - 5*o + 113, -25 = 5*o - 0*o. Let d = z + 116. What is the units digit of 3 + d + (-4)/2?
1
Let m = -10417 + 30724. What is the thousands digit of m?
0
Suppose 16*w - 19*w = -15. Let q be 2 - 0 - (-7 + w). Suppose -j - 5*o - 6 = 0, -q*o = -4*j - 0*j + 72. What is the tens digit of j?
1
Suppose 45*z = -16*z + 562359. What is the tens digit of z?
1
Suppose -4*k - 16 = 0, g - 5*k + 80 = -3*g. Let i(a) = -23*a - 43. What is the units digit of i(g)?
2
What is the hundreds digit of 38/(-285) + 5952760/75?
3
Suppose 5*m = -3*b - 14, -4*m + 2*b - 1 = -3. Let p be -6*4/(m*12). Suppose 3*z - q = 251, -162 + 490 = 4*z + p*q. What is the tens digit of z?
8
Suppose -v = 5*n - 3, -v + 4*n + 12 = 3*v. Suppose -v*a - 3*s + 42 = 0, -4*s - 20 = -3*a + 22. What is the units digit of (-4)/a + 2574/91?
8
Let f(m) = 112*m. Let t be f(2). Let x be ((-17)/(-18 - -1))/(1/(-37)). Let w = x + t. What is the hundreds digit of w?
1
Let v(q) = -4*q + 4. Let l be v(3). What is the tens digit of (l/(-30))/2 + 27815/75?
7
Let f(r) = -r**3 + 8*r**2 + 10*r - 4. Let b be f(9). Suppose 0 = -u + 7*l - 2*l - 4, -b*l = 0. What is the units digit of (2 + u + 8)*19/2?
7
Suppose 2*a = -2 - 4. Let l(d) be the second derivative of -3*d**3/2 + 5*d**2/2 - 2*d. What is the tens digit of l(a)?
3
Let l(p) = p**3 - 18*p**2 - 27*p. Let g be l(19). Let r = g - -279. What is the hundreds digit of r?
1
Suppose 6*x - 3*m = 472887, -47*x - 5*m - 78810 = -48*x. What is the units digit of x?
5
Suppose 0 = 5*u - 25, 3*l - 5*u = -4*u - 5. Suppose l = 8*h - 0*h - 168. Let z = 43 - h. What is the tens digit of z?
2
Let q(j) = -4*j**2 + 3*j + 3. Let p(l) = 2*l**2 - l - 1. Let r(n) = -5*p(n) - 3*q(n). Let f be r(-1). What is the units digit of 126/(f - (-4)/(-3))?
9
Let y(s) = s**2 - 5*s - 8. Let o be y(5). Let w be (o - -10)*34/4. Let z = 53 - w. What is the units digit of z?
6
Let v = -647 - -4143. What is the units digit of v?
6
Let j(c) be the second derivative of -133*c**5/10 + 5*c**4/6 + 7*c**3/6 - c**2 - 41*c. What is the units digit of j(-1)?
7
Let p(j) = -33 + 4*j + 28 + 22. Let x be p(5). Let u = 36 + x. What is the tens digit of u?
7
Suppose 0 = -5*v - 4*y + 23 - 65, -4*v - 2*y = 30. What is the tens digit of ((-165)/v)/((-6)/(-108))?
9
Let z = -162 - -74. Let q = z - -501. What is the tens digit of q?
1
Let z(b) = -18*b**2 - 2*b. Let q be z(2). Let f = 80 + q. Suppose -17 = -u - 3*h + 13, f*h = 4*u - 104. What is the tens digit of u?
2
Suppose 133 = -4*x - 315. Let g = x + 575. What is the hundreds digit of g?
4
Let c(p) = 22*p**3 - 5*p - 6. Let m be c(-2). Let x = m + 968. What is the hundreds digit of x?
7
Let d = 1 + 6. Let x(j) = -5*j + 16. Let v(z) = -4*z + 16. Let h(w) = d*v(w) - 6*x(w). What is the units digit of h(-7)?
2
Let q be ((-27)/21)/(4/(-28)). Let y(r) = -r**2 + r + 21. Let b be y(q). Let s = b + 235. What is the units digit of s?
4
Suppose 4*n + 30 = 2. What is the units digit of (-54)/189 - 6379/n?
1
Let j(k) = 70*k**3 + k**2 - 31*k - 32. What is the thousands digit of j(5)?
8
Suppose g = -5*s + 133542, 2*s + 7*g - 53393 = 10*g. What is the units digit of s?
7
Let c(a) = a + 1. Let u(m) = -147*m - 14. Let j(k) = -5*c(k) + u(k). What is the units digit of j(-4)?
9
Let g be 26/(-52) - (-31)/(-2). Let x be 2/((-8)/2) - 872/g. What is the units digit of (12/(-3 + 2))/(x/(-396))?
8
Suppose -5*r - 15 = -3*o, 0*o - 6 = 2*r + 4*o. Let g be ((-2)/(-3)*r - -2)/2. Suppose 0*i - 2*w - 13 = -i, g = -4*i + 5*w + 64. What is the tens digit of i?
2
Let u(f) = -4*f + 2. Let k be u(-3). Let t be (-876)/52*-38 + 16/(-104). Suppose -t = -k*n + 1754. What is the hundreds digit of n?
1
Suppose 8*g = 13 + 11. Suppose 0 = -g*f - 2*u + 8 - 4, -4*f + 4 = 2*u. Let k(v) = 2*v**2 - v + 51. What is the units digit of k(f)?
1
Let m(a) = 4*a**2 - 15*a + 10. Let y(c) = -3*c**2 + 16*c - 11. Let s(k) = 2*m(k) + 3*y(k). Let g = -204 + 221. What is the units digit of s(g)?
4
What is the thousands digit of 36/9 - -70*28?
1
Let j be (-8 - -74)/(2 - (-6)/(-2)). Let y = 392 - j. What is the hundreds digit of y?
4
Let x = 8472 - -35322. What is the units digit of x?
4
Let z be (-794)/3*(-2 + 1/2). Let u = 668 - z. What is the units digit of u?
1
Suppose -138*p + 139*p - 2 = 0. Suppose -3*m + 81 = 3*h - 0*m, 0 = -p*m + 6. What is the units digit of h?
4
Suppose 2*d - m - 3 = 4*d, -4*m - 12 = -2*d. Suppose -3*h + 8 - 17 = d, -254 = -2*a - 4*h. What is the units digit of a?
3
Let d(r) = 886*r**2 + 6*r + 32. What is the hundreds digit of d(-3)?
9
What is the tens digit of 11 + (2 - -6) - -70692?
1
What is the units digit of 1363383/34 + 5/(-2) + (0 - 4)?
3
Suppose 6*q = -6*q - 312. Suppose -5*w = -5*j - 760, -4*w = -3*w + 3*j - 140. Let k = w + q. What is the tens digit of k?
2
Suppose 3*g - 3*c = c + 6, g = -4*c + 2. Suppose -3*z - 3*t + g*t = -830, -z + 3*t = -280. What is the units digit of z?
7
Suppose -3*k = -3*z - 114, 0 = -5*k + z - 3*z + 218. What is the tens digit of (189/k)/((-12)/(-2936))?
0
Let m be (-2)/14 + (-98960)/(-56). Suppose 2*p + c - 3569 = 0, -7*c + 3*c = p - m. Suppose 16*z - p - 245 = 0. What is the hundreds digit of z?
1
Let d = 11 + 159. Let o = d + 7. What is the hundreds digit of o?
1
Suppose 310*j - 209588 = 316742 - 80860. What is the hundreds digit of j?
4
Suppose -145152 = 475*k - 487*k. What is the thousands digit of k?
2
Let h(p) = 206*p + 1133. What is the units digit of h(44)?
7
Let j(f) = f**3 + 12*f**2 + 8*f - 23. Let r = 69 + -80. Let h be j(r). What is the tens digit of 600/(-18)*12/h*-1?
4
Let b = -172 + 334. Suppose -m = -126 - b. What is the tens digit of m?
8
Suppose -14 = -0*d - 2*d - 4*q, 2*q - 22 = -4*d. Suppose -5*h = d*h - 20. Suppose -2*i + 0*i = 10, -h*i = c - 77. What is the tens digit of c?
8
Let c(d) = -3*d - 7. Let y be c(-3). Suppose y*w - 6 - 2 = m, 4*m - 13 = -w. Suppose -4*o + 488 = -m*h, 3*o - 5*h + 214 - 580 = 0. What is the units digit of o?
2
What is the tens digit of 1/3*(-16 - (-132)/11)*-153?
0
Suppose 222 = 5*d + 3*a, 0 = d + 3*d + 3*a - 180. Suppose f = -3*y - d, -3*f + y - 196 = -4*y. Let p = 202 + f. What is the tens digit of p?
4
Let d = 15 - 20. Let y be (d - -1) + 27 + 1. Suppose i = -2*i - 4*f + 36, 0 = 2*i - 2*f - y. What is the tens digit of i?
1
Suppose -13*s - 43895 = -195520 - 131047. What is the units digit of s?
4
Let i(x) = 250*x - 4386. What is the hundreds digit of i(84)?
6
Suppose -r + 3*p - 12 